e highest common factor of 5050747565 and 1195.
1195
Calculate the highest common divisor of 1188 and 351340.
44
Calculate the greatest common factor of 36950 and 100850.
50
Calculate the greatest common divisor of 5164247 and 6974.
3487
What is the highest common divisor of 3220 and 401856?
644
Calculate the greatest common factor of 44255 and 680525.
835
What is the greatest common divisor of 59130322 and 3748?
1874
What is the greatest common divisor of 12 and 2838756?
12
Calculate the greatest common divisor of 19241862 and 3498.
318
What is the greatest common divisor of 673011 and 14454?
9
Calculate the highest common divisor of 266302824 and 696.
696
Calculate the greatest common divisor of 136000 and 3005175.
425
What is the greatest common factor of 5959781 and 155?
31
Calculate the greatest common factor of 9632176 and 48.
16
What is the greatest common factor of 14649508 and 16?
4
What is the greatest common factor of 314 and 87168598?
314
What is the highest common divisor of 1878015 and 7845?
15
What is the greatest common factor of 105 and 13797455?
35
What is the greatest common factor of 48247793 and 11?
11
What is the greatest common factor of 3028103 and 1677?
559
Calculate the greatest common factor of 63700 and 9175.
25
Calculate the highest common factor of 81758492 and 10720.
268
What is the highest common factor of 4376592 and 729?
81
What is the highest common divisor of 84814610 and 90?
10
Calculate the greatest common factor of 36 and 7709952.
12
Calculate the greatest common divisor of 115 and 14251805.
5
What is the greatest common factor of 1260 and 11659932?
36
Calculate the highest common factor of 193452 and 27072.
564
What is the greatest common factor of 18 and 17933517?
9
Calculate the greatest common divisor of 15958250 and 2618.
154
What is the greatest common divisor of 20328 and 29857476?
1452
What is the greatest common factor of 52316 and 2962619?
451
Calculate the highest common factor of 710 and 29410.
10
What is the highest common factor of 46816 and 281732?
836
What is the highest common divisor of 10706 and 142915?
101
What is the highest common factor of 196 and 203438837?
49
Calculate the highest common factor of 67333205 and 2485.
355
What is the greatest common divisor of 10167850 and 131494?
3058
What is the highest common divisor of 5820581 and 111?
37
Calculate the highest common divisor of 62103330 and 162.
18
What is the greatest common divisor of 16044920 and 193801?
4507
Calculate the highest common factor of 3076423 and 1064.
133
Calculate the greatest common divisor of 22 and 38926019.
11
Calculate the greatest common factor of 4188618 and 588.
294
Calculate the greatest common divisor of 496 and 1222547.
31
What is the greatest common divisor of 5055 and 1056825?
15
What is the greatest common factor of 1747985 and 4745?
365
Calculate the greatest common factor of 406 and 37109212.
406
Calculate the highest common divisor of 927 and 20143092.
309
Calculate the highest common factor of 9982 and 696003.
161
What is the highest common factor of 627936 and 1758474?
1266
Calculate the greatest common divisor of 111567897 and 279.
9
Calculate the greatest common divisor of 41459943 and 666.
111
What is the greatest common divisor of 31595319 and 63?
63
Calculate the highest common factor of 1503383 and 277074.
5131
Calculate the highest common divisor of 1516520 and 3720.
1240
What is the greatest common divisor of 1032 and 192904?
8
What is the highest common factor of 590 and 24497390?
590
Calculate the highest common divisor of 87321 and 32721.
39
What is the greatest common divisor of 4299615 and 90?
45
What is the highest common divisor of 10995 and 10661485?
3665
What is the greatest common divisor of 917898 and 9078?
102
Calculate the greatest common divisor of 617160828 and 6168.
3084
Calculate the highest common factor of 12375 and 3108875.
1375
What is the highest common factor of 3400752 and 24?
24
What is the greatest common divisor of 521846797 and 5972?
1493
What is the highest common factor of 6632332 and 21?
7
What is the greatest common factor of 21 and 90734630?
7
Calculate the highest common factor of 3904640 and 720.
80
What is the highest common factor of 348245725 and 25?
25
What is the greatest common factor of 1846760 and 20557?
337
Calculate the highest common factor of 1150 and 49427575.
575
Calculate the greatest common divisor of 123286 and 1229.
1
What is the highest common factor of 9 and 2090721?
3
What is the greatest common factor of 19665 and 13274730?
855
What is the greatest common factor of 78 and 5874?
6
What is the greatest common factor of 12338580 and 10?
10
Calculate the highest common factor of 1102 and 3453146.
58
Calculate the highest common factor of 220686640 and 160.
80
Calculate the greatest common factor of 184354986 and 38.
38
Calculate the highest common divisor of 15 and 646737225.
15
Calculate the highest common divisor of 2980175 and 1100.
275
What is the greatest common factor of 5566373 and 592118?
773
Calculate the greatest common divisor of 1758522557 and 22.
11
Calculate the highest common divisor of 16 and 35112248.
8
What is the highest common factor of 90 and 211070466?
18
Calculate the highest common factor of 25451436 and 2676.
2676
Calculate the greatest common divisor of 4463658 and 10877.
73
Calculate the greatest common divisor of 173264 and 1011556.
2548
What is the greatest common divisor of 264 and 841038?
66
Calculate the greatest common factor of 1572 and 91411800.
1572
Calculate the highest common divisor of 5015 and 411289.
59
What is the greatest common divisor of 3029874 and 93666?
402
Calculate the greatest common factor of 384 and 347617344.
192
What is the greatest common factor of 1132 and 19424837?
283
What is the greatest common divisor of 122 and 5962079?
61
What is the highest common factor of 660 and 3815680?
220
What is the greatest common factor of 54473823 and 81?
27
What is the greatest common factor of 254756595 and 181?
181
Calculate the highest common divisor of 15253926 and 8163.
2721
What is the highest common factor of 21513140 and 60?
20
Calculate the greatest common factor of 67925828 and 4404.
1468
What is the highest common divisor of 623220 and 78234?
1326
Calculate the greatest common divisor of 107379 and 2954911.
3977
Calculate the highest common divisor of 456049 and 7767909.
3769
Calculate the highest common factor of 28 and 151210542.
14
Calculate the greatest common divisor of 1701 and 3585897.
189
What is the greatest common factor of 1001110 and 1544510?
2090
Calculate the highest common divisor of 2053485 and 8505.
945
Calculate the greatest common factor of 172320 and 227160.
120
What is the highest common factor of 154478458 and 113?
113
Calculate the greatest common factor of 19177995 and 120.
15
What is the highest common factor of 268 and 141729254?
134
What is the greatest common divisor of 8140 and 4168124?
148
Calculate the highest common factor of 69 and 10935741.
69
Calculate the highest common divisor of 726709 and 43619.
823
What is the greatest common factor of 737667 and 3555633?
3903
What is the greatest common divisor of 324 and 2632572?
36
What is the greatest common divisor of 207 and 2084958?
9
Calculate the greatest common divisor of 1504468 and 28.
28
Calculate the greatest common divisor of 3153 and 56134961.
1051
What is the highest common factor of 24428099 and 3706?
1853
Calculate the highest common factor of 6609708 and 278712.
1764
Calculate the greatest common divisor of 5512 and 1077225.
53
What is the highest common factor of 3997698 and 6?
6
Calculate the highest common factor of 1882572 and 11328.
708
What is the greatest common divisor of 8784 and 236924?
244
What is the highest common divisor of 31284978 and 108?
6
What is the greatest common divisor of 268348932 and 54?
18
What is the greatest common factor of 106126 and 2726?
94
What is the highest common divisor of 3333 and 1029369275?
1111
Calculate the greatest common divisor of 4 and 96940408.
4
Calculate the greatest common divisor of 1281813 and 5083.
299
What is the highest common factor of 32 and 2461464?
8
What is the highest common divisor of 7849017 and 1413?
9
Calculate the high